 - 43 = -7*o. Let q(p) = 44*p + 1. Let v be q(1). What is the highest common factor of v and o?
15
Suppose 9 = 4*a - 11. Suppose 2*u + 3*t = 3*u - 54, -4*u = -t - 271. Let s = -29 + u. Calculate the highest common divisor of a and s.
5
Let j = 1 + 4. Let k be (15 - j)*(-4)/(-10). What is the highest common divisor of k and 1?
1
Suppose 4*f - 7 = 41. Let i be 3 - 1 - (f - 54). What is the highest common divisor of 11 and i?
11
Let o be (-507)/(-21) + 1/(-7). Calculate the greatest common factor of o and 60.
12
Let k(v) = -4*v - 24. Let l be k(-9). Calculate the greatest common factor of l and 84.
12
Let f = -94 - -190. Calculate the highest common factor of 12 and f.
12
Let q = -2 + 22. Suppose 7*t - 2*t + 5 = 0. Let j be t*2 - -8 - -2. Calculate the highest common divisor of q and j.
4
Let i be ((-66)/(-4))/(9/12). Let k(u) = 2*u**2 + 5*u - 3. Let p be k(-5). What is the highest common factor of i and p?
22
Let x be (6/(-5))/((-3)/190). What is the highest common divisor of 19 and x?
19
Let m = -49 + 28. Let r = -5 - m. Calculate the greatest common factor of r and 4.
4
Suppose 108 = 8*f + 36. Suppose 0*s + 3*s - 12 = 0. Suppose -y - s = 0, 3*y + y + 160 = 2*c. Calculate the highest common factor of f and c.
9
Let l = 29 + -15. Suppose 2*n - 19 - 11 = 4*w, 5*w = n - 39. Let f be ((-42)/(-24))/((-2)/w). Calculate the highest common factor of f and l.
7
Let a be 2/(-2)*18/(-6). Suppose 0*c = -a*c + 21. What is the greatest common divisor of 1 and c?
1
Let y(a) be the third derivative of -a**5/60 + 3*a**4/8 + a**3/3 + 3*a**2. Let v be y(7). What is the highest common factor of 2 and v?
2
Let c(r) = -r + 1. Let y be c(1). Suppose 4*s + y*s - 16 = 0. Calculate the highest common factor of s and 8.
4
Let n(s) = -s**2 + s + 1. Let o(t) = -t**3 + 9*t**2 - 4*t - 11. Let y(p) = n(p) + o(p). Let m be y(7). What is the highest common factor of m and 72?
18
Let a = 7 + -7. Suppose a = 4*t - 4 - 8, -4*t = -4*x + 44. Calculate the highest common factor of 56 and x.
14
Suppose 0 = -7*c + 2*c + 20. Suppose -5*x = -61 - c. What is the greatest common factor of x and 143?
13
Let l be (-6)/(-15) - 96/(-10). Let a = -16 + 126. Calculate the highest common factor of a and l.
10
Suppose v + 7 = 52. Suppose 0 = -2*m + f + 63, -3*m - f = -m - 57. Calculate the highest common factor of m and v.
15
Suppose 4*l = -5*j + 54, -2*l = 4*j - 4*l - 64. What is the greatest common factor of 14 and j?
14
Let m(o) be the second derivative of 0*o**3 + 3*o**2 + 0*o**2 + 3*o + o**3. Let d be m(5). What is the greatest common factor of d and 54?
18
Let m = -9 - -17. Let g(p) = -p**3 + 8*p + 3. Let n = -5 + 0. Let b be g(n). Calculate the highest common divisor of m and b.
8
Suppose 176 = -2*s + 4*s. Suppose 0 = 3*a + 3*v, -a = -5*v + 10 + 8. Let l be (2 + (-2)/a)*3. What is the greatest common divisor of l and s?
8
Suppose 5*b = 6*b - 21. Let i be (1 - -10) + b/7. Calculate the highest common divisor of 7 and i.
7
Let h = 21 - 15. Suppose -4*q + 1 + 9 = 2*x, 0 = -4*x - 5*q + 11. Let k = x + h. Calculate the greatest common factor of 45 and k.
5
Let n be (-70)/3*48/(-40). Calculate the greatest common factor of 21 and n.
7
Let o(n) = -n**3 + 5*n**2 + 5*n + 5. Let f be o(6). Let y be 114/18 + f/3. What is the greatest common divisor of y and 12?
6
Suppose 0 = 3*u - 5*b - 266, -u - 3*u = 2*b - 346. Let h = 57 + u. What is the greatest common divisor of h and 16?
16
Let f be 1/(4/(-4376)*-2). Suppose -3*u - 85 + f = 0. Suppose -44 = -4*w + 2*w. What is the greatest common divisor of w and u?
22
Let t = -46 + 65. Let i = 228 - 57. Calculate the highest common factor of t and i.
19
Let h = 109 + -64. Calculate the highest common factor of h and 15.
15
Let v(c) = c + 10. Let m be (-140)/25 + (-4)/10. Let n be v(m). Suppose -x + 3*o = -4, 32 + 6 = n*x - o. Calculate the greatest common divisor of x and 50.
10
Let j(i) = -i**2 - i + 2*i + i. Let m be j(1). Let q be (20/16)/((-2)/(-8)). Calculate the highest common divisor of q and m.
1
Suppose -4*a + 3*a + 4 = -d, 2*d + 4 = 4*a. Let s be 58 + 3 + d + 5. Calculate the greatest common factor of 40 and s.
20
Suppose -861 + 177 = -19*h. What is the highest common factor of 18 and h?
18
Suppose -28 - 2 = -3*z. Suppose x + 0*a - 48 = -4*a, 120 = 2*x + 2*a. Let b = x + 6. Calculate the highest common divisor of b and z.
10
Let b be 1*12*((-12)/(-9) - 1). Calculate the greatest common factor of b and 8.
4
Let c(h) = 75*h + 1. Let g be c(1). Suppose -5*b - 4*m + g = -0*m, -1 = m. What is the greatest common divisor of b and 112?
16
Let f = 91 + -19. What is the highest common factor of 48 and f?
24
Suppose -3*o = 3*i - 2*i - 8, -i - 5*o + 12 = 0. Suppose -5*m = -2*x - 16, i*m + 2 = -x + 12. What is the greatest common divisor of 1 and x?
1
Suppose 0 = z, -3*u - 2*u = -2*z - 80. Let g = 232 + -104. What is the greatest common factor of g and u?
16
Suppose 3*n - 15 = 4*s, n + 4*s + 5 = 2*s. Suppose 2*p = -8, 3*a + 3 = p - 4*p. Calculate the highest common divisor of n and a.
1
Let p = 218 + -207. Calculate the highest common factor of p and 22.
11
Let h(t) = 30*t**3 - t**2 - 2*t + 2. Let u be h(2). Let l be (-3)/2 + (-110)/(-4). Calculate the greatest common factor of l and u.
26
Let v(g) = -g**2 + 12*g + 3. Let h be v(9). Calculate the highest common factor of h and 20.
10
Suppose y - 51 = 13. Suppose 3*w = 2*g - 16, -40 = -5*g - 4*w + w. What is the highest common factor of y and g?
8
Let a = -27 - -45. Calculate the highest common factor of 6 and a.
6
Let d be (-2 - (-6)/2) + 99. Calculate the highest common divisor of 40 and d.
20
Let j = 71 - 44. Let m be 4/(-14) + 145/(-7). Let v = m + 39. What is the highest common factor of j and v?
9
Suppose 6 = 3*g, -d + 0*g + 5 = 4*g. Let n be (-168)/8*10/d. What is the greatest common divisor of 10 and n?
10
Let t(r) = -5*r**3 - r**2 - r. Let g be t(-1). Suppose x - g*x + 64 = 0. Calculate the highest common divisor of 2 and x.
2
Suppose -6*v - 9 = 3. Let o be (-44)/2*3/v. Calculate the highest common divisor of 11 and o.
11
Let f(q) = -q**3 - q**2 + 2*q + 2. Let c be f(-2). Let b = c + 13. What is the greatest common divisor of 105 and b?
15
Let g(f) = 2*f + 4*f - 5*f**2 - 2 - 3*f + 6*f**2. Suppose 3*j = 2*j - 6. Let v be g(j). What is the highest common divisor of v and 24?
8
Let v = -14 - -19. Let x(d) = d - 3. Let w be x(6). Let l = 4 - w. What is the greatest common factor of l and v?
1
Suppose -2*u + 8 = -4. Let w(a) = 5*a. Let q be w(u). Let x = 19 - 13. Calculate the greatest common divisor of q and x.
6
Let b(r) = 2*r**2 - 5*r + 9. Let g be b(-9). Calculate the greatest common factor of 24 and g.
24
Let l = 112 - 27. What is the greatest common factor of 34 and l?
17
Let s = -109 + 208. Calculate the greatest common factor of s and 33.
33
Let r be -1*(-3)/((-9)/(-6)). What is the greatest common divisor of r and 6?
2
Let s(o) = 83*o + 1. Let z be s(1). Let a(p) = p**2 + 38*p + 49. Let m be a(-37). What is the greatest common factor of z and m?
12
Let x be 3538/22 + 10/55. Let i = x + -49. Calculate the highest common divisor of i and 14.
14
Let m = 17 - 11. Let x = m + 39. Let g = 14 + -5. What is the highest common divisor of x and g?
9
Suppose -9 - 8 = -b. Let l be 1 + 2/(-1) - -120. What is the highest common factor of b and l?
17
Let w(h) = 4*h - 3. Let f be w(3). Suppose 10*j = f*j + 60. What is the highest common factor of j and 40?
20
Let i = -102 - -167. Suppose 4*c - i = 31. Calculate the greatest common divisor of c and 168.
24
Suppose -2*g + 186 = 4*f - 0*f, g - 5*f - 86 = 0. Let l = -3 + 2. Let t be (4 - 2) + l + 12. What is the highest common factor of g and t?
13
Suppose 1 - 25 = -2*a. Suppose 0 = -3*p + 18 - 0. What is the highest common divisor of a and p?
6
Let h = -9 - -15. What is the greatest common divisor of 66 and h?
6
Suppose -5*i = -2*i - 159. Suppose 5*p - 7 - i = 0. Calculate the greatest common factor of 6 and p.
6
Let v(x) = -x**3 - 7*x**2 - 2*x - 2. Let d be v(-7). Let g = d - 0. What is the highest common factor of g and 48?
12
Suppose 164 = -5*n + 4*g + 578, -2*n - 4*g = -160. Let s = n - 51. Let o = s - 15. Calculate the greatest common factor of o and 48.
16
Suppose -4*b + 38 = 3*s, -3*s - b + 12 + 38 = 0. Suppose a - 5*d = 16, 0 = a + a - 3*d - s. What is the 